
Let p = -2087 + 3423. Let f = p + -689. Is f composite?
False
Let q(c) be the second derivative of 13*c**3/6 + 3*c**2/2 - 22*c. Let x be q(1). Let n = 21 + x. Is n a composite number?
False
Let k(z) = 2*z**3 - 7*z**2 - 11. Let o be k(4). Suppose 2*m - 1058 = -o*h, -1587 = -22*m + 19*m + 5*h. Is m a composite number?
True
Let y be (-43883901)/(-21) + (-6)/(-14). Is y/240 - (2/(-16))/(-1) composite?
False
Suppose -z + 41182 = -0*u - 2*u, 2*u = 2*z - 82362. Suppose 0 = g + s - z, -2*g - 5*s = -37325 - 45026. Is g a composite number?
False
Suppose 9 = d - 3*h, d - 5*h = 6*d + 55. Is d/15 + ((-5568280)/25)/(-8) prime?
False
Let s(q) = -5*q**3 + q + 3*q**3 + 129*q**2 + 3109 + q**3 - 128*q**2. Is s(0) composite?
False
Let q(t) = -t**2 + 10*t + 12450. Let y be q(0). Let b = 24323 - y. Is b a prime number?
False
Suppose -21*l - 76*l + 24*l = -54990827. Is l prime?
False
Let j = 2358 + -3980. Let z = -499 - j. Is z a composite number?
False
Suppose 2*q = 3*v + 4618, -5*v + 8 = -v. Let i = 24078 - q. Is i composite?
True
Suppose 5*k - 3*n - 1504657 = 0, -94*k = -90*k + n - 1203712. Is k a composite number?
False
Suppose -31*j + 5*g + 98461 = -28*j, -5*g + 20 = 0. Is j a prime number?
False
Let a = -5274 - -5401. Is a a prime number?
True
Let t = -47 - -75. Suppose 2*j - a - 60 = 0, j - t = 4*a - 3*a. Let i = j - 10. Is i prime?
False
Suppose -29*g + 57896 = -28*g - 50739. Is g prime?
False
Let v(x) = 2*x**3 + 169*x**2 + 267*x + 145. Is v(-77) composite?
False
Suppose 8*q - 336498 = -6*q + 319500. Is q a prime number?
False
Let x(g) = -5162*g - 86. Let d be x(-8). Suppose 0 = -v - 9*v + d. Is v prime?
False
Let b(i) = -i**3 - 4*i**2 - i - 6. Let r be b(6). Let s be (2 - 48/27) + 3254/18. Let o = s - r. Is o prime?
False
Let v be (-18)/27*(-6711)/2. Let f = v + -314. Is f composite?
True
Suppose 3*s - 4515 = t, 5*s - 3*s = -5*t - 22609. Let r = t - -10078. Is r composite?
False
Let f(z) = -z**3 + 4*z**2 + 4*z + 9. Let m be f(5). Suppose -4 = 3*r - m*r. Suppose -181 = -q + p, -2*p = r*q - q - 533. Is q prime?
True
Suppose h - 3*c - 7 = 2*h, -2*c = -h - 2. Let y(s) = -116*s**3 - 2*s**2 - 5*s - 1. Is y(h) composite?
False
Let l(i) = 20*i**2 + 33*i - 355. Is l(-48) prime?
False
Let u = -14552 + 41173. Is u prime?
False
Let y(t) = -29*t**2 - 3*t - 2. Let i be y(-1). Is 4 - (-120)/i - (-6570)/14 prime?
False
Let j(r) = -2*r - 12. Let q be j(-8). Suppose 0 = q*l + 8 - 4. Is 1574/6 - l/(-3) prime?
False
Let s(g) = 2353*g + 11. Let k be s(6). Suppose r - 3*l - k = -r, 0 = -3*r + 5*l + 21192. Is r prime?
True
Suppose 21*d + 3*c + 78 = 24*d, 4*c = -4*d + 136. Suppose 6826 = -28*m + d*m. Is m composite?
False
Suppose 0 = 271*y - 1823086 - 13489857 - 23354692. Is y composite?
True
Suppose -233*z = -24436463 - 72862706. Is z a composite number?
True
Let j be (-48)/84 - (-8)/14. Is -3 - -1562 - 3/(-21)*j prime?
True
Let w be -2 - 3*(-8)/12. Suppose -20*f + 14608 = 4*c - 16*f, -4*f + 20 = w. Is c composite?
True
Suppose 17*t - 15*t - 1671901 = -9*t. Is t prime?
False
Let b(l) be the first derivative of l**2 + 2*l - 5. Let p be b(-1). Is (1 + p)*1*319 prime?
False
Let n(o) be the third derivative of 32*o**6 + 11*o**4/24 - 2*o**3 + 43*o**2. Is n(1) prime?
False
Suppose 0 = -4*v - 3*j + 198289, -148720 = 530*v - 533*v + j. Is v a prime number?
False
Let b = -681 - -65392. Is b composite?
True
Let p(b) = 1087*b + 137. Let o be p(18). Let t = o - 9864. Is t composite?
False
Let b(s) = 3*s - 54. Let m be b(18). Suppose 4*t + q - 15 = m, 4 = 3*q - 7*q. Suppose 5513 = t*j - 8459. Is j a composite number?
True
Let z = 30254 + 13313. Is z a composite number?
True
Let a(l) = 43 - 2*l**3 + 7*l**2 - 13*l**2 - 22*l + 0*l. Is a(-11) a prime number?
True
Let q = 855 - 1641. Let x be 1/6*-10*51. Let c = x - q. Is c composite?
False
Let f(g) = g**3 - 9*g**2 + 5*g - 30. Let x be f(10). Let h = x - -626. Is h prime?
False
Suppose -5*d - 386*o = -387*o - 2921192, 5*o + 35 = 0. Is d composite?
True
Let n = -8 + 18. Let w(t) = -2*t**2 + 18*t + 22. Let m be w(n). Suppose h + 1 = 0, y = m*h + 348 + 565. Is y composite?
False
Let o be ((-6)/4)/(-3 + 15/6). Suppose -6 = -d + 5*b, -4*d + 4*b = o*b - 24. Is d/4*66052/42 a prime number?
False
Let v(g) = 4*g - 18. Let f be v(5). Suppose 3*d + 2*d - z - 145043 = 0, -87023 = -3*d + f*z. Is d prime?
True
Let f = 2 - -114. Suppose 0 = -t + 847 - f. Is t prime?
False
Suppose -1316369 + 3134125 = 19*j - 7012323. Is j a composite number?
False
Suppose 3*z + 5 + 5 = -2*n, 3*n = 5*z + 4. Suppose 0 = -3*p - 1325 - 4117. Is p/(3 + -7 - z) a prime number?
True
Suppose 2*j - 5 = j. Let b be j - (-35005)/(-25) - (-1)/5. Is ((-24)/4)/(-3) - (b - 2) composite?
False
Let x(r) = r**2 + 11*r - 15. Let b be x(-15). Let l = b + -44. Is l/(-2 - (-7820)/3908) composite?
False
Suppose 5*c - 9 = 2*w + 16, -4*c + 37 = -5*w. Suppose 0*q = c*q - 33897. Is q a composite number?
False
Suppose -2*u = -3322 + 132. Suppose 2*t - 3170 = -4*z, 0 = 2*z + 3*t - 0*t - u. Suppose -5*c + 4*o - 3*o = -z, 3*o = -c + 142. Is c a prime number?
True
Let j = 39 - 41. Let p be 0 + (5318 - 0 - j). Suppose -5*c - p = -8*h + 3*h, h = 5*c + 1044. Is h composite?
False
Let m(z) = 8*z**3 + 196*z**2 - 19*z + 76. Is m(17) a composite number?
False
Let g = 123 + -24. Let l(o) = -53*o - 9. Let b(p) = -2596*p - 440. Let f(m) = g*l(m) - 2*b(m). Is f(-12) prime?
False
Let u = -38 - -69. Let h(z) = z**3 - 32*z**2 + 50*z - 8. Is h(u) composite?
True
Let o = -17745 - -10598. Let x = 14021 + o. Suppose 7*c - x + 1505 = 0. Is c prime?
False
Let w = 581 + -746. Is 22385/w*(0 + -3) a prime number?
False
Let k(q) = q**3 + 17*q**2 - 3. Let p be k(-17). Let d(z) = -z**3 - 2*z**2 + 2*z - 2. Let x be d(p). Suppose -x + 11 = -2*v, u = 4*v + 99. Is u composite?
False
Suppose 0 = 4*u + 4*a - 40028, -29997 = u - 4*u + 5*a. Let r be (-3)/4 + -1 + u/(-16). Is 2 - (r/12)/(3/12) a prime number?
True
Let a(p) be the first derivative of -3*p**5/4 + 11*p**4/24 - 10*p**3/3 + 32. Let t(r) be the third derivative of a(r). Is t(-6) prime?
False
Let i(l) be the third derivative of 11*l**6 - l**5/60 - l**4/8 + l**3/2 + 4*l**2. Let v be (8 - (-234)/(-30))*(-10)/(-2). Is i(v) a prime number?
True
Let m(a) = a**3 - 4*a**2 - 18085*a - 37 + 0*a**3 + 18064*a. Is m(9) composite?
False
Suppose 5*l + 0*l + 2*m = 24, -3*l - 2*m = -16. Suppose 2*g = l*u + 878, 11*g - 12*g + 441 = -u. Is g composite?
False
Let k be 1/((1/4)/((-11)/22)). Let b(z) = -675*z**3 + 4*z**2 + 11*z + 13. Is b(k) composite?
False
Suppose 12*p = 273 + 171. Suppose -31*m - 90 = -p*m. Suppose 3*a + 0*a = z - 6, 0 = -2*z + 5*a + m. Is z prime?
False
Suppose 2*l - 2*u - 38 = 0, -34 = -5*l + 4*u + 66. Let r = -20 + l. Suppose d - 3*d = r*c - 808, -5*d = 2*c - 404. Is c a composite number?
True
Let f(d) = -d + 17. Let b be f(9). Let k be 24/6 + (-2 - -1). Suppose b*p - 2770 = k*p. Is p a composite number?
True
Suppose -122*z + 126*z - 623759 = 3*y, -2*z + y = -311879. Is z composite?
True
Let z be ((-129)/172)/((-3)/68). Suppose 5*u - 65143 = 2*m, 12*u = z*u + 4*m - 65119. Is u prime?
False
Let w(f) be the second derivative of -91*f**3 - 235*f**2/2 - 229*f. Is w(-4) prime?
True
Let l(k) = 2*k**2 + 5 + 2*k**3 - 8*k + k**2 - 9*k**2. Suppose 8 = 55*m - 267. Is l(m) composite?
True
Let f be (-103)/(-7) + (-2)/(-7). Let g be (50/f)/(4/(-24)). Is 4/16 + (-4215)/g prime?
True
Is -3 + 35675 + ((-9)/(-9))/(-1) prime?
True
Suppose 5*x = 22*x - 8789221. Is x a prime number?
False
Let y(a) = -50*a**3 - 10*a**2 - 15*a. Let f(d) = 2*d**2 - 1. Let m(b) = -f(b) - y(b). Is m(6) composite?
True
Let p(v) = 42761*v - 13745. Is p(38) prime?
False
Let g(h) = -3*h**2 - 10*h - 8. Let j be g(-2). Suppose j = -m - 3 - 2, 4*m - 41258 = -2*o. Is o a composite number?
False
Let w = 387 - -165. Let t be w/11 - 8/44. Suppose 0*k - 4*k - t = -z, 0 = -3*k + 6. Is z composite?
True
Let c(t) = -1561*t + 75. Let y(g) = -1. Let b(s) = c(s) + 6*y(s). Is b(-10) composite?
False
Let h(y) = 6*y + 208. Let g be h(-36). Let i(w) = -4 + 47 - 118*w - 10. Is i(g) composite?
False
Suppose -7*s - 60*w + 59*w + 13310 = 0, -3*s = w - 5706. Is s a prime number?
True
Suppose -155*v + 13920345 = -43*v - 67*v. Is v composite?
True
Suppose 5*r - 386640 = -2*j + 3346709, 0 = -4*r - j + 2986681. Is r a composite number?
False
Suppose 